{"id":23,"date":"2020-10-07T19:42:11","date_gmt":"2020-10-07T17:42:11","guid":{"rendered":"http:\/\/entreprisefontaine-p2c.com\/?page_id=23"},"modified":"2021-03-24T18:53:54","modified_gmt":"2021-03-24T17:53:54","slug":"plomberie","status":"publish","type":"page","link":"https:\/\/entreprisefontaine-p2c.com\/index.php\/plomberie\/","title":{"rendered":"Plomberie"},"content":{"rendered":"\n<div style=\"height:35px\" aria-hidden=\"true\" class=\"wp-block-spacer\"><\/div>\n\n\n\n<div class=\"wp-block-media-text alignwide is-stacked-on-mobile is-vertically-aligned-center\" style=\"grid-template-columns:30% auto\"><figure class=\"wp-block-media-text__media\"><img loading=\"lazy\" width=\"768\" height=\"1024\" src=\"http:\/\/entreprisefontaine-p2c.com\/wp-content\/uploads\/2021\/03\/plomberie03-768x1024.jpg\" alt=\"\" class=\"wp-image-347 size-full\" srcset=\"https:\/\/entreprisefontaine-p2c.com\/wp-content\/uploads\/2021\/03\/plomberie03-768x1024.jpg 768w, https:\/\/entreprisefontaine-p2c.com\/wp-content\/uploads\/2021\/03\/plomberie03-225x300.jpg 225w, https:\/\/entreprisefontaine-p2c.com\/wp-content\/uploads\/2021\/03\/plomberie03.jpg 1125w\" sizes=\"(max-width: 768px) 100vw, 768px\" \/><\/figure><div class=\"wp-block-media-text__content\">\n<p style=\"font-size:38px\"><strong>Installation<\/strong> <strong>&amp; D\u00e9pannage<\/strong><br><\/p>\n\n\n\n<div style=\"height:28px\" aria-hidden=\"true\" class=\"wp-block-spacer\"><\/div>\n\n\n\n<p style=\"font-size:15px\">Nous vous proposons des services relatifs \u00e0 l\u2019installation et le d\u00e9pannage de votre syst\u00e8me de plomberie.<\/p>\n\n\n\n<p>Nous  intervenons sur  vos diff\u00e9rents besoins (<strong>r\u00e9paration d\u2019une fuite<\/strong>,\u00a0<strong>cr\u00e9ation de salle de bain<\/strong>, ou <strong>une installation sanitaire<\/strong>).<\/p>\n\n\n\n<p>Nous ma\u00eetrisons tous types de techniques (<strong>Cuivre<\/strong>, <strong>Tube acier<\/strong> ,<strong>galvanis\u00e9<\/strong>, <strong>Tube acier noir<\/strong>, <strong>Multicouches<\/strong>, <strong>PVC<\/strong>, <strong>PER<\/strong> etc&#8230;).\u00a0<\/p>\n<\/div><\/div>\n\n\n\n<div style=\"height:20px\" aria-hidden=\"true\" class=\"wp-block-spacer\"><\/div>\n\n\n\n<hr class=\"wp-block-separator\"\/>\n\n\n\n<div style=\"height:35px\" aria-hidden=\"true\" class=\"wp-block-spacer\"><\/div>\n\n\n\n<div class=\"wp-block-media-text alignwide has-media-on-the-right is-stacked-on-mobile\" style=\"grid-template-columns:auto 42%\"><figure class=\"wp-block-media-text__media\"><img loading=\"lazy\" width=\"1024\" height=\"768\" src=\"http:\/\/entreprisefontaine-p2c.com\/wp-content\/uploads\/2021\/03\/Plomberie01-1024x768.jpg\" alt=\"\" class=\"wp-image-345 size-full\" srcset=\"https:\/\/entreprisefontaine-p2c.com\/wp-content\/uploads\/2021\/03\/Plomberie01-1024x768.jpg 1024w, https:\/\/entreprisefontaine-p2c.com\/wp-content\/uploads\/2021\/03\/Plomberie01-300x225.jpg 300w, https:\/\/entreprisefontaine-p2c.com\/wp-content\/uploads\/2021\/03\/Plomberie01-768x576.jpg 768w, https:\/\/entreprisefontaine-p2c.com\/wp-content\/uploads\/2021\/03\/Plomberie01.jpg 1125w\" sizes=\"(max-width: 1024px) 100vw, 1024px\" \/><\/figure><div class=\"wp-block-media-text__content\">\n<p style=\"font-size:38px\"><strong>Maintenance<\/strong> <strong>&amp; Entretien<\/strong><\/p>\n\n\n\n<div style=\"height:31px\" aria-hidden=\"true\" class=\"wp-block-spacer\"><\/div>\n\n\n\n<p>Souscription d&rsquo;un <strong>contrat d&rsquo;entretien <\/strong>pour votre&nbsp;installation de plomberie est important car il vous permet de faire des \u00e9conomies sur le long terme.<\/p>\n\n\n\n<p>En effet il est reconnu que les dispositifs bien entretenus rencontrent moins souvent de probl\u00e8mes de fonctionnement. Ce qui permet de diminuer les co\u00fbts d\u2019entretien de votre installation.<\/p>\n\n\n\n<p>En tant qu&rsquo;expert nous avons les comp\u00e9tences pour vous aider \u00e0 limiter les risques de fuites et les d\u00e9g\u00e2ts des eaux dans votre habitation. Nous pouvons aussi vous soutenir dans vos projets d\u2019<strong>\u00e9conomies d\u2019eau<\/strong>&nbsp;en vous d\u00e9livrant des conseils avis\u00e9s sur le r\u00e9glage de vos mat\u00e9riels sanitaires et le choix des \u00e9quipements \u00e0 installer dans vos pi\u00e8ces d&rsquo;eau.<\/p>\n\n\n\n<p>Nos prestations d&rsquo;entretien incluent divers services tels que l\u2019<strong>inspection des canalisations<\/strong>, <strong>d\u00e9tartrage<\/strong> et&nbsp;<strong>d\u00e9gorgement des tuyauteries<\/strong>,&nbsp;<strong>remplacement de robinetterie<\/strong>\u2026<\/p>\n<\/div><\/div>\n\n\n\n<div style=\"height:100px\" aria-hidden=\"true\" class=\"wp-block-spacer\"><\/div>\n\n\n\n<p>N&rsquo;h\u00e9sitez pas \u00e0 consulter nos pages sur le <a href=\"http:\/\/entreprisefontaine-p2c.com\/index.php\/chauffage\/\">chauffage<\/a> ou la <a href=\"http:\/\/entreprisefontaine-p2c.com\/index.php\/climatisation\/\">climatisation<\/a> et \u00e0 partager notre page Facebook (<a href=\"https:\/\/www.facebook.com\/Entreprise-Fontaine-P2C-105455831581798\">Lien Page Facebook<\/a>)<\/p>\n","protected":false},"excerpt":{"rendered":"<p>N&rsquo;h\u00e9sitez pas \u00e0 consulter nos pages sur le chauffage ou la climatisation et \u00e0 partager notre page Facebook (Lien Page Facebook)<\/p>\n","protected":false},"author":1,"featured_media":0,"parent":0,"menu_order":0,"comment_status":"closed","ping_status":"closed","template":"","meta":[],"yoast_head":"<!-- This site is optimized with the Yoast SEO plugin v16.0.2 - https:\/\/yoast.com\/wordpress\/plugins\/seo\/ -->\n<title>Plomberie -<\/title>\n<link rel=\"canonical\" href=\"https:\/\/entreprisefontaine-p2c.com\/index.php\/plomberie\/\" \/>\n<meta property=\"og:locale\" content=\"fr_FR\" \/>\n<meta property=\"og:type\" content=\"article\" \/>\n<meta property=\"og:title\" content=\"Plomberie -\" \/>\n<meta property=\"og:description\" content=\"N&rsquo;h\u00e9sitez pas \u00e0 consulter nos pages sur le chauffage ou la climatisation et \u00e0 partager notre page Facebook (Lien Page Facebook)\" \/>\n<meta property=\"og:url\" content=\"https:\/\/entreprisefontaine-p2c.com\/index.php\/plomberie\/\" \/>\n<meta property=\"article:modified_time\" content=\"2021-03-24T17:53:54+00:00\" \/>\n<meta property=\"og:image\" content=\"http:\/\/entreprisefontaine-p2c.com\/wp-content\/uploads\/2021\/03\/plomberie03-768x1024.jpg\" \/>\n<meta name=\"twitter:card\" content=\"summary_large_image\" \/>\n<meta name=\"twitter:label1\" content=\"Dur\u00e9e de lecture est.\">\n\t<meta name=\"twitter:data1\" content=\"2 minutes\">\n<script type=\"application\/ld+json\" class=\"yoast-schema-graph\">{\"@context\":\"https:\/\/schema.org\",\"@graph\":[{\"@type\":\"Organization\",\"@id\":\"http:\/\/entreprisefontaine-p2c.com\/#organization\",\"name\":\"EntrepriseFontaine-p2c\",\"url\":\"http:\/\/entreprisefontaine-p2c.com\/\",\"sameAs\":[],\"logo\":{\"@type\":\"ImageObject\",\"@id\":\"http:\/\/entreprisefontaine-p2c.com\/#logo\",\"inLanguage\":\"fr-FR\",\"url\":\"https:\/\/entreprisefontaine-p2c.com\/wp-content\/uploads\/2020\/10\/Logo-2.jpg\",\"width\":149,\"height\":70,\"caption\":\"EntrepriseFontaine-p2c\"},\"image\":{\"@id\":\"http:\/\/entreprisefontaine-p2c.com\/#logo\"}},{\"@type\":\"WebSite\",\"@id\":\"http:\/\/entreprisefontaine-p2c.com\/#website\",\"url\":\"http:\/\/entreprisefontaine-p2c.com\/\",\"name\":\"\",\"description\":\"\",\"publisher\":{\"@id\":\"http:\/\/entreprisefontaine-p2c.com\/#organization\"},\"potentialAction\":[{\"@type\":\"SearchAction\",\"target\":\"http:\/\/entreprisefontaine-p2c.com\/?s={search_term_string}\",\"query-input\":\"required name=search_term_string\"}],\"inLanguage\":\"fr-FR\"},{\"@type\":\"ImageObject\",\"@id\":\"https:\/\/entreprisefontaine-p2c.com\/index.php\/plomberie\/#primaryimage\",\"inLanguage\":\"fr-FR\",\"url\":\"http:\/\/entreprisefontaine-p2c.com\/wp-content\/uploads\/2021\/03\/plomberie03-768x1024.jpg\"},{\"@type\":\"WebPage\",\"@id\":\"https:\/\/entreprisefontaine-p2c.com\/index.php\/plomberie\/#webpage\",\"url\":\"https:\/\/entreprisefontaine-p2c.com\/index.php\/plomberie\/\",\"name\":\"Plomberie -\",\"isPartOf\":{\"@id\":\"http:\/\/entreprisefontaine-p2c.com\/#website\"},\"primaryImageOfPage\":{\"@id\":\"https:\/\/entreprisefontaine-p2c.com\/index.php\/plomberie\/#primaryimage\"},\"datePublished\":\"2020-10-07T17:42:11+00:00\",\"dateModified\":\"2021-03-24T17:53:54+00:00\",\"breadcrumb\":{\"@id\":\"https:\/\/entreprisefontaine-p2c.com\/index.php\/plomberie\/#breadcrumb\"},\"inLanguage\":\"fr-FR\",\"potentialAction\":[{\"@type\":\"ReadAction\",\"target\":[\"https:\/\/entreprisefontaine-p2c.com\/index.php\/plomberie\/\"]}]},{\"@type\":\"BreadcrumbList\",\"@id\":\"https:\/\/entreprisefontaine-p2c.com\/index.php\/plomberie\/#breadcrumb\",\"itemListElement\":[{\"@type\":\"ListItem\",\"position\":1,\"item\":{\"@type\":\"WebPage\",\"@id\":\"http:\/\/entreprisefontaine-p2c.com\/\",\"url\":\"http:\/\/entreprisefontaine-p2c.com\/\",\"name\":\"Accueil\"}},{\"@type\":\"ListItem\",\"position\":2,\"item\":{\"@type\":\"WebPage\",\"@id\":\"https:\/\/entreprisefontaine-p2c.com\/index.php\/plomberie\/\",\"url\":\"https:\/\/entreprisefontaine-p2c.com\/index.php\/plomberie\/\",\"name\":\"Plomberie\"}}]}]}<\/script>\n<!-- \/ Yoast SEO plugin. -->","_links":{"self":[{"href":"https:\/\/entreprisefontaine-p2c.com\/index.php\/wp-json\/wp\/v2\/pages\/23"}],"collection":[{"href":"https:\/\/entreprisefontaine-p2c.com\/index.php\/wp-json\/wp\/v2\/pages"}],"about":[{"href":"https:\/\/entreprisefontaine-p2c.com\/index.php\/wp-json\/wp\/v2\/types\/page"}],"author":[{"embeddable":true,"href":"https:\/\/entreprisefontaine-p2c.com\/index.php\/wp-json\/wp\/v2\/users\/1"}],"replies":[{"embeddable":true,"href":"https:\/\/entreprisefontaine-p2c.com\/index.php\/wp-json\/wp\/v2\/comments?post=23"}],"version-history":[{"count":46,"href":"https:\/\/entreprisefontaine-p2c.com\/index.php\/wp-json\/wp\/v2\/pages\/23\/revisions"}],"predecessor-version":[{"id":438,"href":"https:\/\/entreprisefontaine-p2c.com\/index.php\/wp-json\/wp\/v2\/pages\/23\/revisions\/438"}],"wp:attachment":[{"href":"https:\/\/entreprisefontaine-p2c.com\/index.php\/wp-json\/wp\/v2\/media?parent=23"}],"curies":[{"name":"wp","href":"https:\/\/api.w.org\/{rel}","templated":true}]}}