{"id":110,"date":"2020-10-11T15:14:01","date_gmt":"2020-10-11T13:14:01","guid":{"rendered":"http:\/\/entreprisefontaine-p2c.com\/?page_id=110"},"modified":"2021-03-24T18:43:29","modified_gmt":"2021-03-24T17:43:29","slug":"page-daccueil","status":"publish","type":"page","link":"https:\/\/entreprisefontaine-p2c.com\/","title":{"rendered":"Plomberie &#8211; Chauffage &#8211; Climatisation"},"content":{"rendered":"\n<font size=\"10pt\"> <marquee>L&rsquo;entreprise Fontaine P2C \u00e0 votre service <\/marquee><\/font>\n\n\n\n<figure class=\"wp-block-image size-large is-resized\"><img loading=\"lazy\" src=\"http:\/\/entreprisefontaine-p2c.com\/wp-content\/uploads\/2020\/10\/Eau.png\" alt=\"\" class=\"wp-image-48\" width=\"1121\" height=\"284\" srcset=\"https:\/\/entreprisefontaine-p2c.com\/wp-content\/uploads\/2020\/10\/Eau.png 731w, https:\/\/entreprisefontaine-p2c.com\/wp-content\/uploads\/2020\/10\/Eau-300x76.png 300w\" sizes=\"(max-width: 1121px) 100vw, 1121px\" \/><\/figure>\n\n\n\n<p>Nous sommes sp\u00e9cialis\u00e9s dans les secteurs de la <strong>Plomberie<\/strong> , du <strong>Chauffage<\/strong> et de la <strong>Climatisation<\/strong><\/p>\n\n\n\n<p>Nous vous proposons les services suivants :<\/p>\n\n\n\n<ul><li><strong>Installation<\/strong><\/li><li><strong>D\u00e9pannage<\/strong><\/li><li><strong>Entretien<\/strong> \/<strong> Maintenance<\/strong><\/li><\/ul>\n\n\n\n<div style=\"height:30px\" aria-hidden=\"true\" class=\"wp-block-spacer\"><\/div>\n\n\n\n<p>Situ\u00e9e \u00e0 Paris, notre secteur d&rsquo;intervention couvre principalement l&rsquo;\u00eele de France mais nous pouvons intervenir exceptionnellement dans d&rsquo;autres r\u00e9gions.<\/p>\n\n\n\n<p>Nous intervenons sur tous types de locaux dans le cadre de r\u00e9novation ou de constructions neuves notamment\u00a0sur villa, maison, appartement, collectivit\u00e9 et immeuble d&rsquo;entreprise en respectant les normes en vigueur.<\/p>\n\n\n\n<div style=\"height:40px\" aria-hidden=\"true\" class=\"wp-block-spacer\"><\/div>\n\n\n\n<div class=\"wp-block-media-text alignwide is-stacked-on-mobile\" style=\"grid-template-columns:22% auto\"><figure class=\"wp-block-media-text__media\"><img loading=\"lazy\" width=\"1024\" height=\"681\" src=\"http:\/\/entreprisefontaine-p2c.com\/wp-content\/uploads\/2020\/10\/test-contrat-1024x681.jpg\" alt=\"\" class=\"wp-image-241 size-full\" srcset=\"https:\/\/entreprisefontaine-p2c.com\/wp-content\/uploads\/2020\/10\/test-contrat-1024x681.jpg 1024w, https:\/\/entreprisefontaine-p2c.com\/wp-content\/uploads\/2020\/10\/test-contrat-300x199.jpg 300w, https:\/\/entreprisefontaine-p2c.com\/wp-content\/uploads\/2020\/10\/test-contrat-768x511.jpg 768w, https:\/\/entreprisefontaine-p2c.com\/wp-content\/uploads\/2020\/10\/test-contrat-1536x1021.jpg 1536w, https:\/\/entreprisefontaine-p2c.com\/wp-content\/uploads\/2020\/10\/test-contrat.jpg 1560w\" sizes=\"(max-width: 1024px) 100vw, 1024px\" \/><\/figure><div class=\"wp-block-media-text__content\">\n<p style=\"font-size:25px\"><strong>L&rsquo;int\u00e9r\u00eat d&rsquo;un contrat d&rsquo;entretien ?<\/strong><\/p>\n\n\n\n<p style=\"font-size:15px\">L\u2019<strong>entretien<\/strong>\u00a0peut rallonger jusqu\u2019\u00e0 trois \u00e0 quatre fois la dur\u00e9e de vie de vos installations et de vos appareils domestiques. Nous mettons notre expertise \u00e0 votre disposition dans le domaine du\u00a0<strong><a href=\"http:\/\/entreprisefontaine-p2c.com\/index.php\/chauffage\/\">chauffage<\/a><\/strong>, de la<strong><a href=\"http:\/\/entreprisefontaine-p2c.com\/index.php\/plomberie\/\"> plomberie<\/a><\/strong>\u00a0et de la\u00a0<strong><a href=\"http:\/\/entreprisefontaine-p2c.com\/index.php\/climatisation\/\">climatisation<\/a><\/strong>. Notre savoir-faire en mati\u00e8re de maintenance permet d&rsquo;optimiser la fiabilit\u00e9 et l\u2019efficacit\u00e9 de vos diff\u00e9rents\u00a0<strong>\u00e9quipements<\/strong>. <\/p>\n<\/div><\/div>\n\n\n\n<div style=\"height:84px\" aria-hidden=\"true\" class=\"wp-block-spacer\"><\/div>\n\n\n\n<div class=\"wp-block-image\"><figure class=\"aligncenter size-large is-resized\"><img loading=\"lazy\" src=\"http:\/\/entreprisefontaine-p2c.com\/wp-content\/uploads\/2021\/03\/Carte-de-visite-fla-660x1024.jpg\" alt=\"\" class=\"wp-image-405\" width=\"214\" height=\"332\" srcset=\"https:\/\/entreprisefontaine-p2c.com\/wp-content\/uploads\/2021\/03\/Carte-de-visite-fla-660x1024.jpg 660w, https:\/\/entreprisefontaine-p2c.com\/wp-content\/uploads\/2021\/03\/Carte-de-visite-fla-193x300.jpg 193w, https:\/\/entreprisefontaine-p2c.com\/wp-content\/uploads\/2021\/03\/Carte-de-visite-fla-768x1192.jpg 768w, https:\/\/entreprisefontaine-p2c.com\/wp-content\/uploads\/2021\/03\/Carte-de-visite-fla-990x1536.jpg 990w, https:\/\/entreprisefontaine-p2c.com\/wp-content\/uploads\/2021\/03\/Carte-de-visite-fla.jpg 1046w\" sizes=\"(max-width: 214px) 100vw, 214px\" \/><\/figure><\/div>\n\n\n\n<div style=\"height:43px\" aria-hidden=\"true\" class=\"wp-block-spacer\"><\/div>\n\n\n\n<p>N&rsquo;h\u00e9sitez \u00e0 consulter et partager notre page Facebook (<a href=\"https:\/\/www.facebook.com\/Entreprise-Fontaine-P2C-105455831581798\">Lien Page Facebook)<\/a><\/p>\n\n\n\n<div class=\"wp-block-group\"><div class=\"wp-block-group__inner-container\">\n<div class=\"wp-block-group\"><div class=\"wp-block-group__inner-container\"><\/div><\/div>\n<\/div><\/div>\n\n\n\n<p><\/p>\n","protected":false},"excerpt":{"rendered":"<p>L&rsquo;entreprise Fontaine P2C \u00e0 votre service Nous sommes sp\u00e9cialis\u00e9s dans les secteurs de la Plomberie , du Chauffage et de la Climatisation Nous vous proposons les services suivants : Installation D\u00e9pannage Entretien \/ Maintenance Situ\u00e9e \u00e0 Paris, notre secteur d&rsquo;intervention couvre principalement l&rsquo;\u00eele de France mais nous pouvons intervenir exceptionnellement dans d&rsquo;autres r\u00e9gions. Nous intervenons [&hellip;]<\/p>\n","protected":false},"author":1,"featured_media":0,"parent":0,"menu_order":0,"comment_status":"closed","ping_status":"closed","template":"","meta":[],"yoast_head":"<!-- This site is optimized with the Yoast SEO plugin v16.0.2 - https:\/\/yoast.com\/wordpress\/plugins\/seo\/ -->\n<title>Entreprise Fontaine P2C - Plomberie Chauffage Climatisation<\/title>\n<meta name=\"description\" content=\"Nous sommes sp\u00e9cialis\u00e9s dans les secteurs Plomberie , Chauffage et Climatisation pour de l&#039;Installation, du D\u00e9pannage ou de l&#039;Entretien\" \/>\n<link rel=\"canonical\" href=\"http:\/\/entreprisefontaine-p2c.com\/\" \/>\n<meta property=\"og:locale\" content=\"fr_FR\" \/>\n<meta property=\"og:type\" content=\"article\" \/>\n<meta property=\"og:title\" content=\"Entreprise Fontaine P2C - Plomberie Chauffage Climatisation\" \/>\n<meta property=\"og:description\" content=\"Nous sommes sp\u00e9cialis\u00e9s dans les secteurs Plomberie , Chauffage et Climatisation pour de l&#039;Installation, du D\u00e9pannage ou de l&#039;Entretien\" \/>\n<meta property=\"og:url\" content=\"http:\/\/entreprisefontaine-p2c.com\/\" \/>\n<meta property=\"article:modified_time\" content=\"2021-03-24T17:43:29+00:00\" \/>\n<meta property=\"og:image\" content=\"http:\/\/entreprisefontaine-p2c.com\/wp-content\/uploads\/2020\/10\/Eau.png\" \/>\n<meta name=\"twitter:card\" content=\"summary_large_image\" \/>\n<meta name=\"twitter:label1\" content=\"Dur\u00e9e de lecture est.\">\n\t<meta name=\"twitter:data1\" content=\"2 minutes\">\n<script type=\"application\/ld+json\" class=\"yoast-schema-graph\">{\"@context\":\"https:\/\/schema.org\",\"@graph\":[{\"@type\":\"Organization\",\"@id\":\"http:\/\/entreprisefontaine-p2c.com\/#organization\",\"name\":\"EntrepriseFontaine-p2c\",\"url\":\"http:\/\/entreprisefontaine-p2c.com\/\",\"sameAs\":[],\"logo\":{\"@type\":\"ImageObject\",\"@id\":\"http:\/\/entreprisefontaine-p2c.com\/#logo\",\"inLanguage\":\"fr-FR\",\"url\":\"https:\/\/entreprisefontaine-p2c.com\/wp-content\/uploads\/2020\/10\/Logo-2.jpg\",\"width\":149,\"height\":70,\"caption\":\"EntrepriseFontaine-p2c\"},\"image\":{\"@id\":\"http:\/\/entreprisefontaine-p2c.com\/#logo\"}},{\"@type\":\"WebSite\",\"@id\":\"http:\/\/entreprisefontaine-p2c.com\/#website\",\"url\":\"http:\/\/entreprisefontaine-p2c.com\/\",\"name\":\"\",\"description\":\"\",\"publisher\":{\"@id\":\"http:\/\/entreprisefontaine-p2c.com\/#organization\"},\"potentialAction\":[{\"@type\":\"SearchAction\",\"target\":\"http:\/\/entreprisefontaine-p2c.com\/?s={search_term_string}\",\"query-input\":\"required name=search_term_string\"}],\"inLanguage\":\"fr-FR\"},{\"@type\":\"ImageObject\",\"@id\":\"http:\/\/entreprisefontaine-p2c.com\/#primaryimage\",\"inLanguage\":\"fr-FR\",\"url\":\"http:\/\/entreprisefontaine-p2c.com\/wp-content\/uploads\/2020\/10\/Eau.png\"},{\"@type\":\"WebPage\",\"@id\":\"http:\/\/entreprisefontaine-p2c.com\/#webpage\",\"url\":\"http:\/\/entreprisefontaine-p2c.com\/\",\"name\":\"Entreprise Fontaine P2C - Plomberie Chauffage Climatisation\",\"isPartOf\":{\"@id\":\"http:\/\/entreprisefontaine-p2c.com\/#website\"},\"primaryImageOfPage\":{\"@id\":\"http:\/\/entreprisefontaine-p2c.com\/#primaryimage\"},\"datePublished\":\"2020-10-11T13:14:01+00:00\",\"dateModified\":\"2021-03-24T17:43:29+00:00\",\"description\":\"Nous sommes sp\\u00e9cialis\\u00e9s dans les secteurs Plomberie , Chauffage et Climatisation pour de l'Installation, du D\\u00e9pannage ou de l'Entretien\",\"breadcrumb\":{\"@id\":\"http:\/\/entreprisefontaine-p2c.com\/#breadcrumb\"},\"inLanguage\":\"fr-FR\",\"potentialAction\":[{\"@type\":\"ReadAction\",\"target\":[\"http:\/\/entreprisefontaine-p2c.com\/\"]}]},{\"@type\":\"BreadcrumbList\",\"@id\":\"http:\/\/entreprisefontaine-p2c.com\/#breadcrumb\",\"itemListElement\":[{\"@type\":\"ListItem\",\"position\":1,\"item\":{\"@type\":\"WebPage\",\"@id\":\"http:\/\/entreprisefontaine-p2c.com\/\",\"url\":\"http:\/\/entreprisefontaine-p2c.com\/\",\"name\":\"Accueil\"}},{\"@type\":\"ListItem\",\"position\":2,\"item\":{\"@type\":\"WebPage\",\"@id\":\"http:\/\/entreprisefontaine-p2c.com\/\",\"url\":\"http:\/\/entreprisefontaine-p2c.com\/\",\"name\":\"Plomberie &#8211; Chauffage &#8211; Climatisation\"}}]}]}<\/script>\n<!-- \/ Yoast SEO plugin. -->","_links":{"self":[{"href":"https:\/\/entreprisefontaine-p2c.com\/index.php\/wp-json\/wp\/v2\/pages\/110"}],"collection":[{"href":"https:\/\/entreprisefontaine-p2c.com\/index.php\/wp-json\/wp\/v2\/pages"}],"about":[{"href":"https:\/\/entreprisefontaine-p2c.com\/index.php\/wp-json\/wp\/v2\/types\/page"}],"author":[{"embeddable":true,"href":"https:\/\/entreprisefontaine-p2c.com\/index.php\/wp-json\/wp\/v2\/users\/1"}],"replies":[{"embeddable":true,"href":"https:\/\/entreprisefontaine-p2c.com\/index.php\/wp-json\/wp\/v2\/comments?post=110"}],"version-history":[{"count":107,"href":"https:\/\/entreprisefontaine-p2c.com\/index.php\/wp-json\/wp\/v2\/pages\/110\/revisions"}],"predecessor-version":[{"id":430,"href":"https:\/\/entreprisefontaine-p2c.com\/index.php\/wp-json\/wp\/v2\/pages\/110\/revisions\/430"}],"wp:attachment":[{"href":"https:\/\/entreprisefontaine-p2c.com\/index.php\/wp-json\/wp\/v2\/media?parent=110"}],"curies":[{"name":"wp","href":"https:\/\/api.w.org\/{rel}","templated":true}]}}